- -c389?
c471
In base 13, what is 3c3 + -329bb3?
-3297c0
In base 6, what is -34214515 + 22?
-34214453
In base 5, what is 33014142 - 1021?
33013121
In base 12, what is 4 - -52436787?
5243678b
In base 5, what is 0 + -143301013?
-143301013
In base 10, what is 1221 - -8772?
9993
In base 5, what is -14332404103 - 2?
-14332404110
In base 5, what is 432331 - 1433?
430343
In base 15, what is -34493 + -67?
-3450a
In base 2, what is 11100101 + -10101010010011111110?
-10101010010000011001
In base 15, what is -e + -9734a7?
-9734b6
In base 5, what is -304402110 - -31?
-304402024
In base 11, what is -205507 + -439?
-205945
In base 10, what is 129 + 124573?
124702
In base 11, what is -37 - -6a67286?
6a6724a
In base 13, what is 4 - 940c2b?
-940c27
In base 3, what is 100222012021120001 - -1?
100222012021120002
In base 10, what is -830651 + -68?
-830719
In base 11, what is 313 - -292083?
292396
In base 14, what is 252c3c - -92?
252cd0
In base 3, what is -122102 - 111220121?
-112120000
In base 10, what is -284 - -99428?
99144
In base 3, what is -2110 + -1200100200?
-1200110010
In base 14, what is -a - -14a17d5?
14a17c9
In base 8, what is -77430 + 100577?
1147
In base 11, what is 244 - a7aa?
-a566
In base 14, what is 2ab - -4827?
4ad4
In base 11, what is 4895824 + 10?
4895834
In base 2, what is 100100001110111110111 - 1111?
100100001110111101000
In base 9, what is 1426 - 25334?
-23807
In base 11, what is 61153 + -171?
60a92
In base 7, what is 310 - 22441663?
-22441353
In base 9, what is -1670 - -1765?
85
In base 3, what is -12022000 - -20010011220?
12220212220
In base 5, what is 3021003 + -1213?
3014240
In base 12, what is 2 - 420773?
-420771
In base 3, what is -10120020011212 + -12210?
-10120020101122
In base 3, what is 10120100002 + -101210?
10112221022
In base 2, what is -10111101101001011101011 - -1001?
-10111101101001011100010
In base 2, what is -1001111001011000110110 + -1011110?
-1001111001011010010100
In base 2, what is -101 - -111010111100001101100?
111010111100001100111
In base 6, what is 3201 + -104230?
-101025
In base 6, what is 31 - 1213400503?
-1213400432
In base 14, what is -12a5ca5 - 18?
-12a5cbd
In base 5, what is 22144211 + -2042?
22142114
In base 3, what is -1 - -10112121120011120?
10112121120011112
In base 12, what is 1048b01 - 1?
1048b00
In base 14, what is -3 + 8d59491?
8d5948c
In base 10, what is 131 - -35878?
36009
In base 16, what is -1b3b - b392?
-cecd
In base 10, what is 17 - 146803?
-146786
In base 5, what is -32133023001 + 0?
-32133023001
In base 4, what is -22322021132 - -3?
-22322021123
In base 8, what is 172514 + -435?
172057
In base 4, what is -1310330 - -2321?
-1302003
In base 6, what is 1252510024 + 4?
1252510032
In base 4, what is 10 + 11033120313310?
11033120313320
In base 5, what is 2 - 3021410340?
-3021410333
In base 2, what is 11010110010 + -1100111000100000?
-1100011101101110
In base 6, what is -2452433 - 411?
-2453244
In base 8, what is 65447 - -4445?
72114
In base 13, what is -1ba7 + -5ab7c?
-5ca56
In base 16, what is d64 - -509?
126d
In base 14, what is 595c4 - 294?
59330
In base 4, what is 2 + 102112132020?
102112132022
In base 13, what is -6989051 + -22?
-6989073
In base 3, what is 1 - -210020111111021?
210020111111022
In base 14, what is -d5857 - 41?
-d5898
In base 10, what is 9663260 + 1?
9663261
In base 2, what is -1000 + -110011111100101100001?
-110011111100101101001
In base 10, what is 1 - 25770013?
-25770012
In base 11, what is -5 - 6a26093?
-6a26098
In base 10, what is 70 - -72160?
72230
In base 14, what is 17d1 - -d56?
2747
In base 3, what is 1022 + -1001101201120?
-1001101200021
In base 3, what is -202221120 + -2012112?
-212011002
In base 6, what is -123405410 + 115?
-123405251
In base 15, what is -3 - -1196942?
119693e
In base 9, what is 203433344 + 5?
203433350
In base 4, what is -1010313 + 203332302?
202321323
In base 11, what is 130a4a063 - 1?
130a4a062
In base 4, what is -10022 - -30330303?
30320221
In base 15, what is 19505 - 7?
194ed
In base 2, what is -101 + 11000010010011010111?
11000010010011010010
In base 7, what is 56513262 - 315?
56512644
In base 7, what is -132050 + -14?
-132064
In base 10, what is -68451 - 157?
-68608
In base 15, what is 64b13 - -567?
6517a
In base 11, what is 984150 - -2?
984152
In base 2, what is -10001 + -1011101111001011100011?
-1011101111001011110100
In base 5, what is 1121044330 - 0?
1121044330
In base 7, what is 12502253 + -62?
12502161
In base 12, what is -9 - -4a918a?
4a9181
In base 7, what is -13136 - 55560?
-102026
In base 9, what is -1716 + -661?
-2477
In base 10, what is 7336 - -2729?
10065
In base 3, what is 222 + 1200002120211?
1200002121210
In base 9, what is -15 + -4631877?
-4632003
In base 9, what is -154 + 50135?
48871
In base 16, what is -353 + -5ba?
-90d
In base 16, what is db459 + 143?
db59c
In base 3, what is -10102212220011 - -2010?
-10102212211001
In base 12, what is 58 - 26561a?
-265582
In base 16, what is -253 - -89a7?
8754
In base 15, what is -e95338 + -6?
-e9533e
In base 16, what is 446c0 + 1?
446c1
In base 16, what is 1f269 + 10?
1f279
In base 4, what is 2 + -2312010000322?
-2312010000320
In base 15, what is -196c3 + -24?
-196e7
In base 5, what is -1031402 + -11431?
-1043333
In base 15, what is 6de + -533?
1ab
In base 16, what is -ec9 + dfd?
-cc
In base 5, what is -3300333 + 1?
-3300332
In base 9, what is -61785843 + 5?
-61785837
In base 3, what is 2112000022120000212 - 2?
2112000022120000210
In base 16, what is -3 + 398420c?
3984209
In base 8, what is 1414417531 + -5?
1414417524
In base 8, what is 321470632 + 6?
321470640
In base 8, what is 0 + 405025211?
405025211
In base 4, what is 210 - 33310023?
-33303213
In base 3, what is -1020010000 - 201120212?
-1221200212
In base 7, what is 462 - -12425?
13220
In base 2, what is -11111100 + 110100000100001?
110011100100101
In base 12, what is -71 + -8176a?
-8181b
In base 10, what is -3562 - 11327?
-14889
In base 4, what is 112232011022 + 20?
112232011102
In base 4, what is -123321013 + -12?
-123321031
In base 5, what is -23344 - 1000144?
-1024043
In base 8, what is 21264213 - 5?
21264206
In base 2, what is -10010111000000101 + -10011010111?
-10011001011011100
In base 16, what is 1b8f5 + 1d0?
1bac5
In base 16, what is 5 + -20bec4?
-20bebf
In base 12, what is 12024b + -5?
120246
In base 2, what is 101011101 + 10100111010111?
10101100110100
In base 4, what is -1 + 22201331031201?
22201331031200
In base 15, what is -1c77 + -27e?
-2006
In base 8, what is -770 - -1004515?
1003525
In base 9, what is -10782451 - 30?
-10782481
In base 5, what is -10001123 - -12130?
-4433443
In base 5, what is 2 + -433313434431?
-433313434424
In base 15, what is -d08 - -236e?
1566
In base 13, what is 3 - -3978a5c?
3978a62
In base 9, what is 1148515 + -265?
1148240
In base 15, what is -113d5e + 11b?
-113c43
In base 4, what is -13 - -210033332?
210033313
In base 2, what is 101110110001100 + 1100010?
101110111101110
In base 14, what is a2 - 11200?
-1113c
In base 5, what is 220 - -1000223133?
1000223403
In base 13, what is 1b2 - -35c3?
37a5
In base 7, what is -3320 - -46646?
43326
In base 10, what is 0 + -5763608?
-5763608
In base 10, what is 4716810 + 3?
4716813
In base 9, what is 2 + -206100882?
-206100880
In base 10, what is 506 + 15568?
16074
In base 11, what is -55845 - -1a8?
-55648
In base 14, what is -3c + -4d0a1?
-4d0dd
In base 16, what is -2 + e3668b?
e36689
In base 10, what is 316 - 1291251?
-1290935
In base 7, what is 10260163436 + 0?
10260163436
In base 7, what is -60260515 + 43?
-60260442
In base 10, what is -5545 + -10862?
-16407
In base 13, what is 290 - -2b001c?
2b02ac
In base 11, what is 90309 - -2301?
9260a
In base 11, what is 152a47a - 25?
152a455
In base 16, what is 1 - 81b12d7?
-81b12d6
In base 8, what is 15726 + -10171?
5535
In base 11, what is -720265 + -80?
-720335
In base 12, what is 1558b701 - 0?
1558b701
In base 15, what is -3 + 3b563b?
3b5638
In base 11, what is -122621 - 2401?
-124a22
In base 10, what is -61701 + 3962?
-57739
In base 13, what is 4c1 - aa78?
-a587
In base 16, what is -48e24c + -9?
-48e255
In base 3, what is 101022221202110 + -22?
101022221202011
In base 14, what is -8b664 + -90?
-8b714
In base 8, what is -77 + 7042606?
7042507
In base 11, what is 2 - -54390529?
54390530
In base 4, what 